se -4*a = 3 - 7. Suppose 5 = 3*r - 2*r - 3*b, 0 = r + 3*b + a. What is the units digit of r?
2
Let x = 111 - -8. What is the hundreds digit of x?
1
Let d(v) = 14*v**3 + 7*v - 8. What is the units digit of d(2)?
8
Let h = 23 - 13. Let i = h - 8. What is the units digit of i?
2
Suppose 3 = 4*y - 5. Let n(g) = -2*g + g**3 + 0*g**3 + 0*g**2 + 4*g**y - 3. What is the units digit of n(-4)?
5
Suppose 0 = 5*q - 2 - 18. Suppose -y = 2*t - t + 2, q*t = -12. What is the units digit of y?
1
Suppose -i - 9 = -5*a, 6*i = a + 2*i + 2. Suppose a*f - 36 = -f. What is the units digit of f?
2
Let g(q) be the second derivative of 13*q**3/6 + q**2/2 - q. Let h be g(-1). Let b = -4 - h. What is the units digit of b?
8
Let n(w) = w**2 - w - 1. Let h be n(-1). Let l(r) = 3*r - 5*r + 2 - r - h. What is the tens digit of l(-4)?
1
Let g = 6 + 22. What is the tens digit of g?
2
Let q(k) be the first derivative of -k**4/4 + 3*k**3 + k**2/2 + 4*k + 4. Suppose 0 = 4*p - 37 + 1. What is the tens digit of q(p)?
1
Let t = 32 - -2. What is the tens digit of t?
3
Suppose f + y - 102 = 0, 3*f - f = 5*y + 211. What is the hundreds digit of f?
1
Suppose 4*j = 32 + 120. What is the units digit of j?
8
Suppose 4*c - 30 = -c. What is the units digit of c?
6
Let p(r) = r**3 - 6*r**2 + 10*r + 5. Let x(v) = v**3 - 6*v**2 + 11*v + 6. Let t(g) = -7*p(g) + 6*x(g). What is the units digit of t(5)?
6
Let y be (-25)/4 - 3/(-12). Let w = 8 + y. Suppose -4 = -w*j - 2. What is the units digit of j?
1
What is the units digit of 88/10*(-10)/(-2)?
4
Let j be 1/2 + 8/(-16). What is the units digit of 2 - (3 + j + -29)?
8
Let u(b) = -b. Let w be u(-6). Let c(l) = -l**2 + 10*l - 5. What is the tens digit of c(w)?
1
Let z be (-1)/(-2)*0 - -2. Suppose -4*r + 60 = 4*j, -2*j = -0*j - z*r - 34. What is the units digit of j?
6
Let j = 3 + -3. Suppose j = -f + 10. What is the units digit of f?
0
Suppose -6*j + 807 = -549. What is the tens digit of j?
2
Suppose -h + 15 = t + 2*t, -18 = -3*t - 2*h. Suppose 0 = -m + 2*a + 7 + 7, -t*m - 5*a = -4. What is the units digit of m?
6
Let m = -5 - -10. Suppose m*g = -0*g. Suppose -2 + g = -r. What is the units digit of r?
2
What is the units digit of -5*(0/(-3) + -3)?
5
Let m(a) = a**3 + 12*a**2 - 8. Let v(j) = 3*j**3 + 35*j**2 - 23. Let n(y) = 17*m(y) - 6*v(y). Suppose 0 = -2*g + 4*g + 12. What is the units digit of n(g)?
2
Suppose 0*j - 35 = -j. Let m = j - 16. What is the units digit of m?
9
Suppose 10 = -b + 43. What is the tens digit of b?
3
Let p(n) = n**2 - 2*n + 3. Let g be p(2). Suppose 12 = 3*s - g. Let j = -3 + s. What is the units digit of j?
2
Let y = -12 - -33. What is the units digit of y?
1
Suppose -4*m = -6*m + 296. What is the units digit of m?
8
Let u(p) = -p - 6. Let w be u(-9). Suppose -4*h = -w*h. Suppose 0 = -h*j + j - 4. What is the units digit of j?
4
Let k = -10 - -22. What is the units digit of k?
2
Suppose -u = -3*c - 18, 5*u - 4*c - 46 + 11 = 0. Suppose -3*s + s + 38 = -u*w, 0 = 2*w + 4. Suppose -3*j + s = j. What is the units digit of j?
4
Suppose 0 = -0*i - 4*i - 5*v + 57, 2*i + 5*v = 31. What is the tens digit of i?
1
Suppose t - 3*x - 5 = -13, 4*x - 12 = 2*t. Let q(h) = -h**2 - 13*h - 16. Let f be q(-12). What is the tens digit of f/8 - 37/t?
1
What is the units digit of -3*(-4 + 6/3)?
6
Let o = 2 - 10. Let g = o - -10. What is the units digit of g?
2
Let y(q) = -q**3 + 6*q**2 - 4*q + 2. Let a be y(4). What is the tens digit of 230/a + (-18)/(-81)?
1
Let p(i) = -4*i - 2. Let z be p(-2). What is the units digit of (-4)/12 - (-44)/z?
7
Let n be 4*(10/8 - 0). Let u(c) = -2*c**2 + 3*c - 1. Let j(x) = x**2 + x. Let l(q) = -j(q) - u(q). What is the units digit of l(n)?
6
Suppose -t = 2*t + 6. Let o = t + 5. What is the units digit of o?
3
Let a(i) = i**3 + 10*i**2 - 5*i - 4. Let k(o) = -2*o**3 - 19*o**2 + 10*o + 7. Let g(x) = 7*a(x) + 4*k(x). What is the units digit of g(-7)?
4
Let y be 6/(1 + (-1)/(-2)). Let k = 100 - 70. Suppose -y*q + k = -q. What is the units digit of q?
0
Suppose -1 - 4 = -5*i. Suppose -2*g + 7 = i. Suppose 0 = -g*w + 5*x + 19, -4*x + 7 = 2*w - 13. What is the units digit of w?
8
Suppose t - 81 = -0*t + 5*f, -4*t + 3*f = -239. What is the units digit of t?
6
Let k(p) = -5*p. Let f be 3/1*1/3. Let l be k(f). What is the units digit of (0 - -5) + (l - -5)?
5
What is the tens digit of 2*216/(10/5)?
1
Let m(o) = 31*o**2 - 2*o + 1. What is the units digit of m(-2)?
9
Let m = 10 + -14. Let n = m + 9. What is the units digit of n?
5
Let b(p) = -p**3 - 6*p**2 - 3*p - 1. Let d be b(-3). Let r = d - -45. What is the units digit of r?
6
Suppose -2*o + z = 5, 2*z = 4*o - z + 5. Let k be (-18)/(-5) + 3/o. Suppose a + 0*h - 8 = -2*h, 9 = -k*a + 5*h. What is the units digit of a?
2
Suppose p - 6*i = -5*i, 0 = -3*p - 2*i + 20. Suppose -n + 12 = 2*m - p, m + 2*n - 14 = 0. What is the units digit of m?
6
Suppose 122 = 5*l - 128. Suppose -q + l = q. Suppose 3*k + 2*k - q = 0. What is the units digit of k?
5
Let k be 1/(-2)*(-36)/(-9). Let a(i) = i**2 + 5*i - 1. Let t be a(-6). Let o = k + t. What is the units digit of o?
3
Let b(c) = c - 1. Let r be b(5). Suppose s + 6 = r*s. Suppose -4*x + 44 = -4*d, -2*d - s = x + 2. What is the units digit of x?
6
Suppose -4*p + p + 9 = 0, -2*v = -2*p - 44. What is the tens digit of v?
2
Suppose -5*x - 2*k - k = -20, 4*k - 4 = -x. Suppose -5*y - 13 = 2*v, x = -y + 5*v - 4. Let g = y - -8. What is the units digit of g?
5
Let o(l) = l**3 + 6*l**2 + 2*l - 7. Suppose 32 - 12 = 2*c. Let p = c - 15. What is the units digit of o(p)?
8
Let r(u) = u**2 + 11*u + 4. Let y be r(-11). Suppose -18 = m - y*m. What is the units digit of m?
6
Suppose -3*w = c + 7, -3*c - 5*w = -2*c + 9. What is the units digit of (-186)/(-8) + (-3)/c?
4
Let r(w) = 9*w - 2. Let u = 6 + -4. What is the units digit of r(u)?
6
Let n = -8 + 4. Let a = 5 - n. What is the units digit of a?
9
Let q(i) = i**2 - 4*i + 24. What is the units digit of q(12)?
0
Suppose -3*k + 140 = -13. What is the units digit of (16/12)/4*k?
7
Let q(g) = g**3 + g**2 + g + 20. Let v be q(0). Suppose -v = -5*m + 4*h, m - 16 = -3*m - h. What is the units digit of m?
4
Let a be (15/10)/((-3)/(-8)). Suppose a*b = b - 18. Let p = b - -9. What is the units digit of p?
3
Let d be (-7)/14*(-1 - 5). Suppose -2*l = 5*c - 26, d*l + 0*l = -3*c + 48. What is the units digit of l?
8
Let c = -9 + 11. Suppose 0 = -2*d + c*w - w + 27, 34 = 4*d + 2*w. What is the units digit of d?
1
Suppose 4*w = 2*u + 70, 5*u - 35 = -4*w - 0*u. What is the tens digit of w?
1
Let s be (5/3)/(1/3). Suppose b + b + 14 = 5*j, 5*j = -5*b. Suppose -h - s*v = -3*h + 39, 0 = -j*h - 2*v + 4. What is the units digit of h?
7
Suppose -2*h = 3*h - 175. Let w = h + -15. Suppose 0 = 4*j + 4*c - w, 5*j - 55 = -4*c + 5*c. What is the units digit of j?
0
Let k = 132 + -58. What is the units digit of k?
4
Let y(m) = -m - 1. Let r be 16*((-15)/(-6))/(-5). What is the units digit of y(r)?
7
Let z(v) = v**3 - 17*v**2 + 36*v - 6. What is the units digit of z(15)?
4
Let p be (4 - 1)/(6/4). Suppose -v = -p*v. Let i = 9 + v. What is the units digit of i?
9
Let p = 7 + -5. Suppose -p*f + f = 2. Let v = 6 + f. What is the units digit of v?
4
Let u(b) = -b**3 - 8*b**2 + b + 2. Let t be u(-8). Suppose -4*s + 6 = -3*v + 36, 2*v = -4*s + 40. Let n = t + v. What is the units digit of n?
8
Suppose q - 64 = -2*w, 0 = -q + 2 - 0. What is the tens digit of w?
3
Let f(z) = z**3 + z**2 - z + 6. Let a = 5 + -3. Suppose -a*h = 3*h. What is the units digit of f(h)?
6
Let z = 51 + -29. Let b be -1 + -8 + -1 + -3. Let l = b + z. What is the units digit of l?
9
Let r(i) = i + 84. Let z be r(0). Let y be (1/(-2))/((-7)/z). Suppose 2*n - 29 = c, 11*c - y*c = 5*n - 80. What is the units digit of n?
3
Let v(w) = -w**3 - 8*w**2 - 7*w + 10. Let m be v(-7). Suppose m = z + 4*z. What is the units digit of z?
2
What is the units digit of (185/5)/(2 - 1)?
7
Suppose 29 = 3*f - 22. What is the tens digit of f?
1
Let f(h) = 13*h + 6. What is the tens digit of f(3)?
4
Let z be (-27)/(-6) + 1/(-2). Suppose 0 = -5*w - 5, -36 + 10 = -z*y + 2*w. What is the units digit of y?
6
Let f = -21 + 36. What is the units digit of f?
5
Let b = -12 + 13. What is the units digit of b?
1
Suppose 9*n - 3*n = 1650. Suppose -3*f + n = 2*f. What is the units digit of f?
5
Le